NOAA-Style Climate Reports

Select a Year or Month report
2021: Jan Feb Mar Apr May Jun Jul Aug Sep Oct Nov Dec
2020: Jan Feb Mar Apr May Jun Jul Aug Sep Oct Nov Dec
2019: Jan Feb Mar Apr May Jun Jul Aug Sep Oct Nov Dec
2018: Jan Feb Mar Apr May Jun Jul Aug Sep Oct Nov Dec
2017: Jan Feb Mar Apr May Jun Jul Aug Sep Oct Nov Dec

Report for 2020 August
                   Monthly Climatological Summary for Aug 2020

Name: NapervilleWather.com   City: Naperville   State: IL
Elevation: 781 ft  Lat: N 41° 47' 23"   Lon: W 088° 07' 27"

                  Temperature (°F), Rain (in), Wind Speed (mph)

                                      Heat  Cool        Avg
    Mean                              Deg   Deg         Wind                 Dom
Day Temp  High   Time   Low    Time   Days  Days  Rain  Speed High   Time    Dir
----------------------------------------------------------------------------------
 1  72.5  78.4   15:01  67.6   03:51   0.0   7.5  0.00   0.0   5.0   05:13    NW
 2  72.6  86.5   14:29  64.5   23:54   0.0   7.6  0.10   0.4  11.0   08:09   WNW
 3  64.2  69.6   15:11  59.4   23:58   1.5   0.7  0.03   0.3  11.0   08:09   WNW
 4  64.0  76.9   15:40  55.5   05:06   3.7   2.7  0.00   0.5  11.0   02:43   WNW
 5  64.7  78.8   17:02  49.8   06:05   4.7   4.4  0.00   0.1  11.0   02:43    NW
 6  69.3  79.4   13:28  60.1   05:37   1.4   5.7  0.00   0.1   6.0   03:22   WNW
 7  71.0  85.4   13:57  56.6   06:15   1.9   7.9  0.00   0.0   6.0   00:57     E
 8  74.9  88.5   14:29  61.8   05:36   0.4  10.4  0.00   0.2   7.0   12:06    SE
 9  78.9  90.2   14:08  69.0   06:14   0.0  13.9  0.00   0.3   7.0   04:09    SE
10  75.2  89.7   14:22  65.2   23:54   0.0  10.2  0.38   0.3  24.0   16:15   WNW
11  72.9  87.8   15:47  62.7   06:05   0.4   8.3  0.00   0.1  24.0   08:17   ENE
12  74.0  90.9   16:52  58.4   06:11   1.2  10.2  0.00   0.2   6.0   07:50   ENE
13  76.6  91.1   16:57  65.7   05:02   0.0  11.6  0.00   0.2   5.0   03:48   ESE
14  78.1  92.0   15:21  67.0   05:54   0.0  13.1  0.00   0.2   6.0   12:08     E
15  74.6  90.9   15:58  64.6   23:57   0.0   9.6  0.39   0.3   7.0   12:12    NW
16  72.5  86.7   16:25  60.7   05:42   1.1   8.6  0.00   0.5   8.0   15:19   WNW
17  73.7  84.9   15:01  63.9   05:36   0.1   8.5  0.00   0.0   8.0   07:22   ESE
18  70.8  80.5   14:31  60.7   23:55   0.2   6.0  0.00   0.3   6.0   02:43    SE
19  69.1  84.8   16:03  56.8   06:11   2.3   6.4  0.00   0.1   6.0   02:43   WNW
20  70.8  87.6   16:49  56.6   06:25   2.1   8.0  0.00   0.1   6.0   02:25   WSW
21  73.0  90.2   16:38  59.4   06:14   1.2   9.1  0.00   0.1   6.0   06:14   ENE
22  73.6  88.9   15:32  60.8   05:59   0.8   9.4  0.00   0.2   8.0   09:26    SE
23  77.0  91.1   14:35  63.8   06:25   0.1  12.1  0.00   0.2   8.0   09:26   ESE
24  81.2  95.8   15:33  67.8   06:17   0.0  16.2  0.00   0.3  11.0   14:38    NW
25  81.2  94.8   14:51  72.2   06:56   0.0  16.2  0.00   0.2  11.0   06:41   ENE
26  80.5  93.5   15:09  69.9   06:33   0.0  15.5  0.00   0.3   9.0   16:13    SE
27  82.6  94.6   14:54  73.2   06:34   0.0  17.6  0.00   0.3   9.0   08:16    SE
28  82.6  95.5   15:33  73.4   06:18   0.0  17.6  0.00   0.3  10.0   23:50    NW
29  74.2  83.3   15:48  62.7   23:59   0.1   9.3  0.00   1.0  12.0   15:01   WNW
30  69.5  84.1   15:07  59.3   06:33   1.3   5.8  0.00   0.1  12.0   07:03     E
31  72.6  84.1   14:24  60.6   06:29   0.8   8.4  0.00   0.2   7.0   04:24   ESE
----------------------------------------------------------------------------------
    73.8  95.8    24    49.8     5    25.3 298.5  0.90   0.2  24.0    10      NW

Max >=  80.0: 26
Max <=  25.2:  0
Min <=  32.0:  0
Min <=   0.0:  0
Max Rain: 0.39 on day 15
Days of Rain: 4 (>= 0.01 in)  3 (>= 0.10 in)  0 (>= 1.00 in)
Heat Base: 65.0  Cool Base: 65.0  Method: Integration