NOAA-Style Climate Reports

Select a Year or Month report
2018: Jan Feb Mar Apr May Jun Jul Aug Sep Oct Nov Dec
2017: Jan Feb Mar Apr May Jun Jul Aug Sep Oct Nov Dec

Report for 2018 January
                   Monthly Climatological Summary for Jan 2018

Name: NapervilleWather.com   City: Naperville   State: IL
Elevation: 781 ft  Lat: N 41° 47' 23"   Lon: W 088° 07' 27"

                  Temperature (°F), Rain (in), Wind Speed (mph)

                                      Heat  Cool        Avg
    Mean                              Deg   Deg         Wind                 Dom
Day Temp  High   Time   Low    Time   Days  Days  Rain  Speed High   Time    Dir
----------------------------------------------------------------------------------
 1  -5.3   1.0   13:36 -10.1   07:18  70.3   0.0  0.00   1.3  11.0   07:45     W
 2  -2.3   7.2   13:47 -10.8   08:15  67.3   0.0  0.00   0.9  11.0   04:13     S
 3  11.9  16.9   13:36   3.1   23:57  53.1   0.0  0.00   1.9  15.0   05:12     W
 4   3.8  11.4   12:47  -2.5   07:19  61.2   0.0  0.00   1.5  15.0   05:12   WNW
 5   2.5  10.7   13:44  -3.2   07:24  62.5   0.0  0.00   1.2  13.0   10:42   WNW
 6   4.8  17.1   14:00  -4.8   03:16  60.2   0.0  0.00   0.3  13.0   03:22   WNW
 7  21.8  31.8   23:55   7.0   00:00  43.0   0.0  0.00   1.3  10.0   04:23   SSE
 8  32.3  36.2   14:42  28.7   20:12  32.7   0.0  0.12   1.2  15.0   05:20    SW
 9  29.1  34.6   14:37  25.3   04:13  35.9   0.0  0.05   0.1  13.0   00:49   ESE
10  42.3  53.9   23:42  29.8   00:00  22.7   0.0  0.14   1.7  13.0   13:09   SSE
11  46.6  57.0   15:36  20.5   23:40  18.4   0.0  0.55   2.3  16.0   16:51   SSW
12  19.2  21.7   11:25  12.8   23:57  45.8   0.0  0.00   2.9  17.0   20:23    NW
13   9.9  15.4   13:35   4.7   07:34  55.1   0.0  0.00   1.7  17.0   14:07   WNW
14  12.3  20.8   15:04   1.2   06:39  52.7   0.0  0.00   0.7  10.0   06:17    SE
15  15.3  23.2   11:05   6.5   23:59  49.7   0.0  0.00   0.9  10.0   08:22   SSW
16  13.3  23.3   14:20   3.9   02:37  51.7   0.0  0.01   1.3  11.0   02:50     W
17  11.5  20.4   13:50   2.3   06:50  53.5   0.0  0.00   1.0  11.0   02:50   SSW
18  23.3  30.9   13:57  14.3   07:41  41.7   0.0  0.05   1.7  11.0   03:11     S
19  32.8  38.9   13:18  25.3   04:34  32.2   0.0  0.10   1.8  11.0   03:11     S
----------------------------------------------------------------------------------
    17.1  57.0    11   -10.8     2   909.7   0.0  1.02   1.3  17.0    12     WSW

Max >=  80.0:  0
Max <=  25.2: 12
Min <=  32.0: 19
Min <=   0.0:  5
Max Rain: 0.55 on day 11
Days of Rain: 7 (>= 0.01 in)  4 (>= 0.10 in)  0 (>= 1.00 in)
Heat Base: 65.0  Cool Base: 65.0  Method: Integration