NOAA-Style Climate Reports

Select a Year or Month report
2018: Jan Feb Mar Apr May Jun Jul Aug Sep Oct Nov Dec
2017: Jan Feb Mar Apr May Jun Jul Aug Sep Oct Nov Dec

Report for 2017 August
                   Monthly Climatological Summary for Aug 2017

Name: New.CamptonHillsWeather.com   City: Campton Hills   State: IL
Elevation: 870 ft  Lat: N 41° 57' 36"   Lon: W 088° 25' 22"

                  Temperature (°F), Rain (in), Wind Speed (mph)

                                      Heat  Cool        Avg
    Mean                              Deg   Deg         Wind                 Dom
Day Temp  High   Time   Low    Time   Days  Days  Rain  Speed High   Time    Dir
----------------------------------------------------------------------------------
 1  74.0  86.5   16:20  63.6   04:04   0.0   9.0  0.02   0.3   6.0   10:49    NW
 2  73.9  87.3   14:30  62.9   06:11   0.0   8.9  0.08   0.5   8.0   11:48   NNW
 3  72.8  84.7   14:51  59.3   23:59   0.0   7.8  0.07   0.8  16.0   20:33    SW
 4  59.3  67.4   16:00  54.0   05:35   5.7   0.0  0.00   2.2  21.0   13:02    NW
 5  67.3  79.2   16:36  55.9   06:00   0.0   2.3  0.01   0.8  11.0   12:31   NNW
 6  67.3  76.2   15:51  59.8   04:16   0.0   2.3  0.00   0.3   7.0   11:16   SSE
 7  66.3  78.5   12:43  55.3   23:55   0.0   1.3  0.00   0.7   8.0   08:22   NNE
 8  68.5  82.5   14:27  54.7   00:59   0.0   3.5  0.00   0.8   8.0   10:28    NW
 9  70.6  81.7   12:11  58.6   06:30   0.0   5.6  0.00   0.3   7.0   14:05   WSW
10  70.8  84.0   14:46  60.2   03:39   0.0   5.8  0.00   0.6  11.0   17:11   WSW
11  67.6  75.0   13:09  61.1   23:52   0.0   2.6  0.00   1.5  11.0   11:23   NNW
12  65.3  76.4   15:48  55.9   06:30   0.0   0.3  0.00   1.0  12.0   10:07     N
13  66.6  77.6   12:42  54.8   05:49   0.0   1.6  0.00   0.3   6.0   09:26    NW
14  70.3  81.9   15:35  57.0   06:33   0.0   5.3  0.00   0.3   8.0   13:52   SSE
15  73.0  86.3   14:52  64.5   23:58   0.0   8.0  0.00   0.7   7.0   13:27     N
16  73.4  88.3   13:18  62.5   04:07   0.0   8.4  1.31   0.9   9.0   11:22    SE
17  73.9  80.5   14:35  69.6   23:58   0.0   8.9  0.01   1.6  14.0   14:01   WSW
18  71.3  81.0   16:08  63.5   06:11   0.0   6.3  0.00   1.2  11.0   09:01    NW
19  70.9  83.5   15:08  59.2   06:53   0.0   5.9  0.00   0.5   7.0   10:53    NW
20  72.4  86.4   14:03  60.2   04:27   0.0   7.4  0.03   0.3   8.0   13:09    SW
21  73.8  82.7   16:19  68.4   06:15   0.0   8.8  0.01   0.7  10.0   10:16     W
22  70.6  78.7   15:24  58.5   23:56   0.0   5.6  0.03   1.9  15.0   12:26    NW
23  64.8  76.0   13:40  53.7   06:30   0.2   0.0  0.00   1.4  14.0   14:05   NNW
24  62.7  75.1   14:10  54.8   23:57   2.3   0.0  0.00   1.0  11.0   11:12   NNE
25  62.2  76.2   15:34  48.7   06:24   2.8   0.0  0.00   0.5   8.0   12:09    SE
26  62.9  76.4   13:31  52.8   04:26   0.2   2.1  3.42   0.2   9.0   11:19    SE
27  65.6  75.6   14:05  58.3   06:40   1.8   2.4  0.11   0.1  10.0   14:19   SSE
28  67.7  80.1   13:54  60.2   23:52   1.2   3.9  0.36   0.4   9.0   18:12   WNW
29  66.2  77.5   12:13  57.6   06:11   2.3   3.5  0.01   0.5   8.0   12:09     N
30  68.1  80.8   15:22  56.9   04:27   2.3   5.3  0.01   0.7  10.0   15:05   NNW
31  64.7  72.3   13:37  56.6   23:40   2.1   1.8  0.00   1.5  12.0   09:41    NE
----------------------------------------------------------------------------------
    68.5  88.3    16    48.7    25    20.9 134.6  5.48   0.8  21.0     4      NW

Max >=  80.0: 16
Max <=  32.0:  0
Min <=  32.0:  0
Min <=   0.0:  0
Max Rain: 3.42 on day 26
Days of Rain: 14 (>= 0.01 in)  4 (>= 0.10 in)  2 (>= 1.00 in)
Heat Base: 65.0  Cool Base: 65.0  Method: Integration