NOAA-Style Climate Reports

Select a Year or Month report
2018: Jan Feb Mar Apr May Jun Jul Aug Sep Oct Nov Dec
2017: Jan Feb Mar Apr May Jun Jul Aug Sep Oct Nov Dec

Report for 2017 November
                   Monthly Climatological Summary for Nov 2017

Name: NapervilleWather.com   City: Naperville   State: IL
Elevation: 781 ft  Lat: N 41° 47' 23"   Lon: W 088° 07' 27"

                  Temperature (°F), Rain (in), Wind Speed (mph)

                                      Heat  Cool        Avg
    Mean                              Deg   Deg         Wind                 Dom
Day Temp  High   Time   Low    Time   Days  Days  Rain  Speed High   Time    Dir
----------------------------------------------------------------------------------
 1  38.7  42.9   12:55  34.1   00:00  26.3   0.0  0.20   0.3  15.0   00:08     E
 2  46.8  50.3   12:40  42.8   00:00  18.2   0.0  0.06   0.2   7.0   07:36    NW
 3  42.6  48.7   14:39  36.6   07:40  22.4   0.0  0.00   0.6   9.0   17:21    NW
 4  44.3  48.6   23:58  40.9   01:35  20.7   0.0  0.28   0.2   8.0   03:12     E
 5  48.5  50.0   14:44  42.2   23:58  17.2   0.0  0.05   0.5  10.0   13:21    NW
 6  37.5  42.2   00:00  30.5   06:47  27.5   0.0  0.00   0.5  10.0   07:01    NW
 7  38.3  46.1   12:46  29.1   23:43  26.6   0.0  0.00   0.3   9.0   03:01    NW
 8  34.4  48.3   13:02  25.8   05:53  30.5   0.0  0.00   0.2   9.0   11:58   WNW
 9  34.3  45.8   10:47  20.4   23:58  30.6   0.0  0.00   1.8  17.0   06:50   WNW
10  23.4  30.4   14:41  16.3   06:49  41.4   0.0  0.00   0.6  17.0   06:50   NNW
11  31.0  36.9   20:42  24.8   00:16  33.9   0.0  0.00   0.5   8.0   18:26     E
12  36.2  37.9   14:57  34.8   05:47  28.8   0.0  0.19   0.3   7.0   02:02   WNW
13  34.6  39.4   12:16  27.4   06:59  30.4   0.0  0.01   0.3   7.0   04:39     W
14  40.5  47.6   14:47  29.6   03:07  24.5   0.0  0.00   0.5   9.0   11:56    SE
15  43.4  51.1   15:21  33.0   21:12  21.6   0.0  0.29   2.0  24.0   19:38   WSW
16  34.3  37.4   14:11  30.0   04:06  30.7   0.0  0.00   1.0  24.0   12:18   WNW
17  38.9  45.9   23:51  33.2   07:13  26.1   0.0  0.24   0.9  17.0   00:44   ESE
18  40.1  46.2   00:54  33.6   13:21  24.9   0.0  0.62   2.0  17.0   15:31   WNW
19  31.0  36.5   00:06  26.9   22:17  34.0   0.0  0.00   2.1  17.0   08:11     W
20  40.1  52.3   15:17  27.0   03:40  24.9   0.0  0.00   1.6  15.0   04:40     S
21  36.3  42.4   00:52  25.5   23:54  28.7   0.0  0.06   2.1  21.0   11:29     W
22  27.6  34.2   13:30  20.4   07:02  37.4   0.0  0.00   0.7  21.0   04:09     W
23  36.2  46.7   13:21  31.1   00:00  28.8   0.0  0.00   0.7  10.0   05:05     S
24  46.8  62.0   14:22  31.3   00:27  18.2   0.0  0.00   1.1  11.0   06:02     S
25  44.0  53.5   00:00  31.8   23:58  21.0   0.0  0.00   1.8  15.0   10:20   WNW
26  38.0  49.8   15:17  24.1   06:55  27.0   0.0  0.00   0.5  15.0   03:00   SSW
27  45.0  56.1   13:02  31.4   06:03  19.8   0.0  0.00   0.3  10.0   14:36   SSE
28  52.9  60.6   12:23  41.9   23:57  11.8   0.0  0.00   1.5  12.0   08:45   SSW
29  40.0  50.0   13:32  30.0   04:48  24.9   0.0  0.00   0.2  12.0   08:45   ESE
30  44.4  53.6   13:18  33.1   23:59  20.5   0.0  0.00   1.6  16.0   06:23     W
----------------------------------------------------------------------------------
    39.0  62.0    24    16.3    10   779.3   0.0  2.00   1.0  24.0    15       W

Max >=  80.0:  0
Max <=  25.2:  0
Min <=  32.0: 19
Min <=   0.0:  0
Max Rain: 0.62 on day 18
Days of Rain: 10 (>= 0.01 in)  6 (>= 0.10 in)  0 (>= 1.00 in)
Heat Base: 65.0  Cool Base: 65.0  Method: Integration