NOAA-Style Climate Reports

Select a Year or Month report
2018: Jan Feb Mar Apr May Jun Jul Aug Sep Oct Nov Dec
2017: Jan Feb Mar Apr May Jun Jul Aug Sep Oct Nov Dec

Report for 2018 March
                   Monthly Climatological Summary for Mar 2018

Name: NapervilleWather.com   City: Naperville   State: IL
Elevation: 781 ft  Lat: N 41° 47' 23"   Lon: W 088° 07' 27"

                  Temperature (°F), Rain (in), Wind Speed (mph)

                                      Heat  Cool        Avg
    Mean                              Deg   Deg         Wind                 Dom
Day Temp  High   Time   Low    Time   Days  Days  Rain  Speed High   Time    Dir
----------------------------------------------------------------------------------
 1  39.1  47.8   14:02  32.3   21:26  25.9   0.0  0.59   1.3  15.0   08:18   NNW
 2  37.1  50.6   15:28  29.0   05:59  27.9   0.0  0.00   0.6  15.0   08:18   WNW
 3  38.2  50.0   13:57  31.3   06:51  26.8   0.0  0.00   0.5   9.0   05:52   SSE
 4  39.5  52.4   14:19  30.1   02:52  25.5   0.0  0.00   0.9  10.0   22:51   ESE
 5  35.6  40.7   15:19  32.7   20:03  29.4   0.0  0.05   1.6  11.0   01:21   ESE
 6  34.0  39.4   11:24  31.0   23:58  31.0   0.0  0.22   0.9  14.0   23:22     W
 7  28.7  33.9   14:37  25.7   04:51  36.3   0.0  0.01   2.7  16.0   18:26   WNW
 8  27.1  33.8   14:15  22.4   06:33  37.9   0.0  0.00   2.0  18.0   10:03     W
 9  29.1  40.8   14:50  17.7   06:33  35.9   0.0  0.00   0.6  18.0   02:43     W
10  32.0  44.2   13:11  21.3   06:22  33.0   0.0  0.00   0.3   9.0   07:50   ESE
11  33.8  44.3   14:34  26.3   05:42  29.9   0.0  0.00   0.6   8.0   13:40    SE
12  36.7  45.7   15:34  26.7   00:06  28.3   0.0  0.00   1.8  15.0   12:01   WNW
13  29.3  35.1   11:14  20.2   23:57  35.7   0.0  0.03   1.4  15.0   03:42   WNW
14  33.1  48.1   17:51  18.4   01:50  31.8   0.0  0.05   1.0  13.0   04:52    SW
15  37.9  51.1   16:01  26.9   07:20  27.1   0.0  0.00   1.4  14.0   14:57     W
16  32.5  42.3   14:00  26.7   03:40  32.5   0.0  0.00   0.7  14.0   06:38    SE
17  36.6  49.2   16:10  27.8   23:59  28.4   0.0  0.24   0.5   8.0   14:38   SSE
18  39.9  57.3   15:31  24.4   06:46  25.1   0.0  0.00   0.4   8.0   06:18    SW
19  39.0  49.2   12:41  33.4   23:39  26.0   0.0  0.00   1.4  11.0   08:39    SE
20  32.7  38.8   13:05  28.0   06:53  32.3   0.0  0.00   1.6  12.0   09:12    SE
21  33.7  44.6   15:10  26.9   06:53  31.3   0.0  0.00   1.1  12.0   09:12    NW
22  35.9  50.6   15:38  22.5   06:44  29.1   0.0  0.00   0.6  12.0   04:19     W
23  35.9  47.9   13:56  27.0   04:23  29.1   0.0  0.00   0.8   9.0   09:31   SSE
24  35.8  38.9   18:03  31.9   23:59  29.2   0.0  0.00   1.5  13.0   06:40   SSE
25  34.6  44.9   15:08  26.4   06:23  30.4   0.0  0.00   1.1  13.0   06:40   SSE
26  42.0  53.5   16:31  29.3   06:55  23.0   0.0  0.21   1.0  14.0   10:43     E
27  46.9  49.6   08:08  40.4   23:58  18.1   0.0  0.48   1.4  14.0   10:43     W
28  45.7  55.8   16:43  38.2   01:51  19.3   0.0  0.00   0.2  11.0   05:52     S
29  43.6  51.3   12:37  35.8   23:48  21.4   0.0  0.10   0.4   7.0   16:51   ESE
30  40.4  50.8   16:26  32.9   04:13  24.6   0.0  0.00   0.6   8.0   06:20   SSW
31  42.3  58.7   14:57  32.9   23:59  22.6   0.0  0.09   2.3  24.0   15:19   WSW
----------------------------------------------------------------------------------
    36.4  58.7    31    17.7     9   884.8   0.0  2.07   1.1  24.0    31      SW

Max >=  80.0:  0
Max <=  25.2:  0
Min <=  32.0: 23
Min <=   0.0:  0
Max Rain: 0.59 on day 1
Days of Rain: 11 (>= 0.01 in)  6 (>= 0.10 in)  0 (>= 1.00 in)
Heat Base: 65.0  Cool Base: 65.0  Method: Integration