NOAA-Style Climate Reports

Select a Year or Month report
2018: Jan Feb Mar Apr May Jun Jul Aug Sep Oct Nov Dec
2017: Jan Feb Mar Apr May Jun Jul Aug Sep Oct Nov Dec

Report for 2018 August
                   Monthly Climatological Summary for Aug 2018

Name: NapervilleWather.com   City: Naperville   State: IL
Elevation: 781 ft  Lat: N 41° 47' 23"   Lon: W 088° 07' 27"

                  Temperature (°F), Rain (in), Wind Speed (mph)

                                      Heat  Cool        Avg
    Mean                              Deg   Deg         Wind                 Dom
Day Temp  High   Time   Low    Time   Days  Days  Rain  Speed High   Time    Dir
----------------------------------------------------------------------------------
 1  69.5  83.8   13:25  58.3   06:25   1.5   6.0  0.00   0.0   8.0   06:02    NW
 2  76.4  84.5   16:03  65.7   08:20   0.0  11.4  0.00   0.4   8.0   06:02    NW
 3  83.3  88.7   15:52  80.9   11:53   0.0  18.3  0.00   0.7   7.0   06:36   WNW
 4  87.4  94.2   14:20  84.4   00:00   0.0  22.4  0.00   0.2   7.0   06:33   SSE
 5  88.8  92.3   15:35  85.2   11:40   0.0  23.8  0.00   0.5  10.0   15:23   SSE
 6  83.4  88.3   00:00  69.5   11:21   0.0  18.4  0.00   1.0  10.0   07:49   SSE
 7  77.8  82.9   11:56  72.0   08:33   0.0  12.8  0.00   0.8   6.0   09:24     S
 8  76.6  85.3   16:38  70.3   08:22   0.0  11.6  0.00   1.3   9.0   14:42   WNW
 9  84.9  91.7   16:16  81.7   00:00   0.0  19.9  0.00   1.6  10.0   13:36   WSW
10  83.2  89.9   15:42  69.4   23:58   0.0  18.2  0.05   0.7  10.0   06:02    NW
11  73.4  91.9   15:06  64.9   06:31   0.0   8.4  0.29   0.1   7.0   08:33   WSW
12  75.4  92.0   15:46  65.6   06:20   0.0  10.5  0.01   0.0   7.0   08:33   ESE
13  75.3  94.5   15:40  61.6   06:00   0.5  10.8  0.00   0.0   5.0   05:44   SSE
14  76.0  91.0   16:10  64.4   06:05   0.0  11.0  0.00   0.0   4.0   05:21   ENE
15  75.6  88.2   15:30  69.4   04:38   0.0  10.6  0.12   0.1   7.0   10:06     E
16  76.3  91.3   16:56  69.3   01:57   0.0  11.3  0.07   0.0   7.0   10:06    NE
17  73.0  89.8   16:53  66.8   03:45   0.0   7.9  0.63   0.1   6.0   17:51   ESE
18  74.9  86.6   16:35  68.6   02:28   0.0   9.9  0.00   0.1   6.0   10:17     S
19  75.5  91.5   15:45  65.3   04:57   0.0  10.3  0.08   0.1   4.0   03:10     E
20  71.3  75.5   10:40  67.4   19:23   0.0   6.3  0.86   0.3   6.0   04:40   ENE
21  70.1  77.6   16:03  65.8   23:53   0.0   5.1  0.00   0.7  11.0   12:09   WNW
22  67.4  79.3   15:40  55.5   06:36   2.2   4.7  0.00   1.0  11.0   12:09   WNW
23  67.3  83.0   16:37  53.8   06:29   3.4   5.7  0.00   0.2  11.0   05:07     E
24  64.2  71.0   14:28  59.7   03:10   1.6   0.8  0.10   0.4   9.0   09:07   ESE
25  73.9  88.3   16:36  64.3   03:36   0.1   8.9  0.06   0.0   9.0   09:07    NE
26  81.4  95.0   17:06  71.5   03:35   0.0  16.4  0.00   0.2   7.0   05:03   SSE
27  83.1  93.1   14:43  75.1   06:51   0.0  17.7  0.00   0.7  11.0   01:46   SSE
28  77.8  89.6   15:04  67.3   22:30   0.0  12.8  1.23   0.4  16.0   21:48   SSE
29  68.0  74.1   15:54  63.7   23:02   0.1   3.1  0.46   0.4  16.0   13:46   WNW
30  65.9  77.9   15:18  57.6   06:36   2.2   3.1  0.00   0.1   9.0   02:40     E
31  71.0  86.9   16:47  55.9   06:26   2.7   8.7  0.00   0.2   5.0   06:22   ENE
----------------------------------------------------------------------------------
    75.7  95.0    26    53.8    23    14.3 346.8  3.96   0.4  16.0    28     WSW

Max >=  80.0: 25
Max <=  25.2:  0
Min <=  32.0:  0
Min <=   0.0:  0
Max Rain: 1.23 on day 28
Days of Rain: 12 (>= 0.01 in)  7 (>= 0.10 in)  1 (>= 1.00 in)
Heat Base: 65.0  Cool Base: 65.0  Method: Integration