NOAA-Style Climate Reports

Select a Year or Month report
2019: Jan Feb Mar Apr May Jun Jul Aug Sep Oct Nov Dec
2018: Jan Feb Mar Apr May Jun Jul Aug Sep Oct Nov Dec
2017: Jan Feb Mar Apr May Jun Jul Aug Sep Oct Nov Dec

Report for 2019 June
                   Monthly Climatological Summary for Jun 2019

Name: NapervilleWather.com   City: Naperville   State: IL
Elevation: 781 ft  Lat: N 41° 47' 23"   Lon: W 088° 07' 27"

                  Temperature (°F), Rain (in), Wind Speed (mph)

                                      Heat  Cool        Avg
    Mean                              Deg   Deg         Wind                 Dom
Day Temp  High   Time   Low    Time   Days  Days  Rain  Speed High   Time    Dir
----------------------------------------------------------------------------------
 1  69.8  82.8   13:32  55.8   23:59   1.0   5.8  0.01   0.2  12.0   17:46   WNW
 2  62.3  75.2   15:17  52.3   04:40   5.0   2.3  0.00   0.5  13.0   11:05   WNW
 3  60.5  72.7   15:54  48.7   04:53   6.3   1.8  0.00   0.1  13.0   03:05   ENE
 4  67.4  81.8   17:07  56.9   00:00   2.7   5.1  0.22   0.2   7.0   14:59     S
 5  72.1  85.0   16:07  62.4   23:53   0.2   7.3  0.65   0.5  10.0   12:29   WNW
 6  69.3  82.7   16:15  58.8   05:33   1.6   6.0  0.00   0.0  10.0   04:29   SSE
 7  72.6  84.1   16:31  58.5   07:20   0.4   8.0  0.00   0.4   6.0   05:52   ESE
 8  69.5  80.0   13:38  58.3   02:58   1.8   6.3  0.01   0.3   6.0   05:52   ESE
 9  70.1  77.7   14:33  65.2   06:25   0.0   5.1  0.01   0.0   6.0   01:03     E
10  67.1  76.1   16:28  56.8   23:59   1.3   3.4  0.00   1.9  18.0   04:35   WNW
11  68.0  85.0   15:32  51.8   05:48   3.8   6.8  0.00   0.2  18.0   04:35   NNE
12  62.8  69.7   10:11  53.9   23:53   3.0   0.8  0.44   0.2   8.0   15:01   WNW
13  58.6  68.1   15:54  51.8   23:57   6.9   0.5  0.01   1.9  15.0   18:28   WNW
14  63.6  80.1   16:40  45.8   05:24   6.0   4.6  0.05   0.7  14.0   01:04   SSE
15  64.5  68.7   10:32  58.0   23:22   1.4   0.9  0.43   0.1  11.0   10:13   SSE
16  59.3  65.2   15:22  56.3   23:59   5.7   0.0  0.10   0.0   5.0   00:36   WSW
17  62.5  72.9   14:30  55.5   05:40   4.1   1.7  0.00   0.0   5.0   13:26    SW
18  67.4  82.4   15:51  53.9   04:50   3.5   5.9  0.00   0.0   4.0   07:52    SW
19  64.1  75.9   10:49  55.0   23:54   3.2   2.3  0.49   0.2   6.0   10:00   SSW
20  60.8  71.2   17:07  54.8   00:53   4.8   0.7  0.56   0.5   7.0   22:13    NW
21  62.3  74.4   12:13  49.9   05:08   5.2   2.5  0.00   0.1   6.0   00:07     E
22  70.8  82.6   13:18  58.7   00:59   1.8   7.6  0.00   0.4  10.0   08:44     E
23  71.5  82.5   15:32  63.3   06:49   0.1   6.6  0.16   0.3  10.0   08:44     E
24  69.8  77.1   16:16  65.9   23:41   0.0   4.8  0.13   0.3  11.0   18:58   SSE
25  74.1  85.7   16:32  59.2   05:44   0.9  10.0  0.00   0.5  11.0   10:58    SE
26  76.2  91.5   16:11  65.1   05:48   0.0  11.2  0.82   0.0   8.0   05:45    SE
27  75.7  91.8   16:35  64.7   05:48   0.0  10.7  0.01   0.1  13.0   18:51   WNW
28  77.4  88.6   17:46  69.6   06:07   0.0  12.4  0.07   0.1  13.0   10:51     E
29  78.3  89.0   13:38  66.9   05:46   0.0  13.3  0.00   0.1   7.0   12:19   WNW
30  74.8  92.2   13:03  68.9   05:38   0.0   9.8  0.41   0.3  19.0   06:07   WNW
----------------------------------------------------------------------------------
    68.1  92.2    30    45.8    14    70.7 164.2  4.58   0.3  19.0    30       W

Max >=  80.0: 17
Max <=  25.2:  0
Min <=  32.0:  0
Min <=   0.0:  0
Max Rain: 0.82 on day 26
Days of Rain: 18 (>= 0.01 in)  11 (>= 0.10 in)  0 (>= 1.00 in)
Heat Base: 65.0  Cool Base: 65.0  Method: Integration