NOAA-Style Climate Reports

Select a Year or Month report
2020: Jan Feb Mar Apr May Jun Jul Aug Sep Oct Nov Dec
2019: Jan Feb Mar Apr May Jun Jul Aug Sep Oct Nov Dec
2018: Jan Feb Mar Apr May Jun Jul Aug Sep Oct Nov Dec
2017: Jan Feb Mar Apr May Jun Jul Aug Sep Oct Nov Dec

Report for 2020 April
                   Monthly Climatological Summary for Apr 2020

Name: NapervilleWather.com   City: Naperville   State: IL
Elevation: 781 ft  Lat: N 41° 47' 23"   Lon: W 088° 07' 27"

                  Temperature (°F), Rain (in), Wind Speed (mph)

                                      Heat  Cool        Avg
    Mean                              Deg   Deg         Wind                 Dom
Day Temp  High   Time   Low    Time   Days  Days  Rain  Speed High   Time    Dir
----------------------------------------------------------------------------------
 1  44.1  58.4   15:22  36.6   03:46  20.9   0.0  0.00   0.4   6.0   03:38   WSW
 2  47.9  64.7   16:09  31.3   06:50  17.1   0.0  0.00   0.5   8.0   14:28   ESE
 3  57.0  71.1   15:06  45.4   03:26   8.9   0.9  0.01   0.7  10.0   23:27   ESE
 4  41.7  50.8   00:00  34.3   23:41  23.3   0.0  0.09   1.5  14.0   08:27     W
 5  43.5  57.5   15:27  34.4   00:00  21.5   0.0  0.00   0.5  14.0   00:29   SSE
 6  51.1  64.3   13:14  33.5   05:33  13.9   0.0  0.06   0.7   9.0   11:46   ESE
 7  66.1  80.5   16:18  54.1   06:58   3.7   4.7  0.12   1.2  10.0   14:46   SSW
 8  57.8  76.5   16:03  46.8   23:53   8.8   1.6  0.14   1.0  27.0   08:56     W
 9  41.8  48.1   15:34  34.1   23:59  23.2   0.0  0.00   4.4  27.0   08:56     W
10  40.6  51.0   16:22  31.8   06:29  24.4   0.0  0.00   2.2  23.0   03:30     W
11  51.5  64.8   14:33  39.4   00:15  13.5   0.0  0.19   1.0  18.0   04:23   ESE
12  54.8  65.7   13:28  46.8   01:26  10.2   0.0  0.14   1.1  11.0   02:52     E
13  38.6  54.2   00:00  33.2   23:52  26.4   0.0  0.06   4.1  23.0   06:00     W
14  33.4  39.9   14:25  27.5   06:23  31.6   0.0  0.00   1.8  21.0   04:48   WSW
15  32.0  38.4   14:54  26.0   07:00  33.0   0.0  0.06   1.5  18.0   10:10     W
16  36.4  46.6   16:00  24.9   06:26  28.5   0.0  0.00   1.2  14.0   07:59   WSW
17  35.5  39.9   17:46  32.3   05:58  29.5   0.0  0.40   0.3  12.0   02:55     W
18  44.9  58.6   16:33  30.5   06:21  20.1   0.0  0.03   1.8  13.0   12:46     S
19  49.8  63.4   16:09  38.0   23:57  15.2   0.0  0.00   1.7  15.0   12:22   WSW
20  48.7  63.9   15:57  30.6   06:19  16.3   0.0  0.06   1.6  23.0   12:44    SW
21  43.7  52.8   16:56  35.0   06:45  21.3   0.0  0.00   3.4  23.0   04:46     W
22  48.9  65.5   13:06  38.2   03:43  16.1   0.0  0.02   0.8  18.0   06:01   ESE
23  50.8  62.2   15:32  44.0   23:46  14.2   0.0  0.00   0.3   9.0   05:42   SSE
24  45.3  52.8   13:14  41.3   23:34  19.7   0.0  0.00   0.4   5.0   06:52     S
25  42.4  45.3   12:01  40.1   21:21  22.6   0.0  0.37   0.6   8.0   10:27   NNW
26  51.4  67.0   16:27  40.4   06:18  13.7   0.1  0.01   0.8   8.0   02:28   WSW
27  53.2  68.0   12:39  37.0   05:37  11.9   0.1  0.05   1.1  15.0   11:25    SE
28  62.1  76.1   14:09  52.0   06:15   4.9   2.0  0.24   0.9  15.0   03:27   ESE
29  50.5  59.4   00:00  41.8   23:13  14.5   0.0  1.86   1.3  15.0   19:48   WNW
30  48.2  61.6   16:31  41.3   23:59  16.8   0.0  0.11   2.1  21.0   00:46   WNW
----------------------------------------------------------------------------------
    47.1  80.5     7    24.9    16   545.7   9.4  4.02   1.4  27.0     8     WSW

Max >=  80.0:  1
Max <=  25.2:  0
Min <=  32.0:  7
Min <=   0.0:  0
Max Rain: 1.86 on day 29
Days of Rain: 19 (>= 0.01 in)  9 (>= 0.10 in)  1 (>= 1.00 in)
Heat Base: 65.0  Cool Base: 65.0  Method: Integration