NOAA-Style Climate Reports

Select a Year or Month report
2020: Jan Feb Mar Apr May Jun Jul Aug Sep Oct Nov Dec
2019: Jan Feb Mar Apr May Jun Jul Aug Sep Oct Nov Dec
2018: Jan Feb Mar Apr May Jun Jul Aug Sep Oct Nov Dec
2017: Jan Feb Mar Apr May Jun Jul Aug Sep Oct Nov Dec

Report for 2020 June
                   Monthly Climatological Summary for Jun 2020

Name: NapervilleWather.com   City: Naperville   State: IL
Elevation: 781 ft  Lat: N 41° 47' 23"   Lon: W 088° 07' 27"

                  Temperature (°F), Rain (in), Wind Speed (mph)

                                      Heat  Cool        Avg
    Mean                              Deg   Deg         Wind                 Dom
Day Temp  High   Time   Low    Time   Days  Days  Rain  Speed High   Time    Dir
----------------------------------------------------------------------------------
 1  62.6  75.9   17:57  48.6   03:52   5.0   2.7  0.01   0.2   7.0   09:21    SE
 2  78.8  95.1   16:29  64.0   04:05   0.1  13.9  0.00   0.3   7.0   06:32   SSE
 3  74.3  84.5   16:42  67.1   07:49   0.0   9.3  0.07   0.1  11.0   06:59    NW
 4  77.4  91.3   16:39  66.6   05:32   0.0  12.4  0.00   0.1   8.0   00:34   WNW
 5  79.0  89.5   16:02  67.8   05:14   0.0  14.0  0.00   0.3   9.0   12:28   WNW
 6  71.9  81.6   15:50  59.4   23:45   0.6   7.5  0.00   0.3   9.0   04:30   SSE
 7  70.0  85.1   16:24  56.9   05:21   2.3   7.3  0.00   0.4   7.0   05:01     E
 8  76.8  92.3   16:22  60.8   04:00   0.7  12.2  0.00   0.4   7.0   05:01     E
 9  76.7  89.1   13:19  69.3   04:07   0.0  11.7  0.25   1.0  19.0   08:45     E
10  69.7  78.6   13:23  58.7   23:53   1.1   5.7  0.33   0.5  19.0   08:45     S
11  69.1  81.8   14:55  55.3   05:22   2.6   6.7  0.00   0.7  16.0   15:02     W
12  68.2  85.6   15:25  54.9   23:55   3.1   6.3  0.00   0.4  16.0   07:04   SSE
13  60.0  71.4   15:36  51.0   03:42   6.2   1.1  0.03   0.6   8.0   06:09     S
14  62.4  73.4   16:08  51.5   05:47   5.0   2.4  0.00   0.4   8.0   06:09   ESE
15  64.8  77.5   16:22  49.6   05:39   4.7   4.5  0.00   0.4   7.0   13:42     E
16  71.3  87.2   15:43  54.0   04:44   2.8   9.1  0.00   0.2   7.0   05:44     E
17  75.2  88.1   13:22  60.7   05:45   0.6  10.8  0.00   0.1   5.0   02:43     E
18  75.9  89.3   14:28  60.9   05:41   0.5  11.4  0.00   0.1   5.0   03:27   ENE
19  79.0  93.7   15:09  63.0   05:48   0.2  14.2  0.00   0.2  12.0   05:02     N
20  75.9  87.3   16:33  67.6   03:53   0.0  10.9  0.11   0.2  12.0   05:02    SE
21  74.0  84.7   15:16  66.7   05:48   0.0   9.0  0.02   0.1   9.0   02:41     E
22  72.1  85.9   13:43  64.5   23:32   0.0   7.2  1.00   0.0   7.0   09:54    SW
23  67.8  78.2   15:51  59.3   06:21   1.3   4.0  0.02   1.0  13.0   05:06   WNW
24  69.2  82.0   16:01  56.9   05:48   1.6   5.9  0.00   0.7  13.0   05:06   WNW
25  73.0  86.0   16:26  59.0   05:37   1.2   9.2  0.00   0.5  12.0   07:07    NW
26  69.5  76.2   17:43  63.8   03:27   0.1   4.6  1.25   0.0  14.0   11:19    NW
27  76.7  89.5   15:29  68.8   05:19   0.0  11.7  0.00   0.1  14.0   11:19    NW
28  77.5  88.1   16:28  68.2   05:28   0.0  12.5  0.00   0.1   6.0   05:18     E
29  76.9  92.8   13:55  68.8   04:21   0.0  11.9  0.21   0.1  12.0   18:20     E
30  77.2  89.7   13:04  67.7   05:31   0.0  12.2  0.00   0.1  12.0   10:22   ENE
----------------------------------------------------------------------------------
    72.4  95.1     2    48.6     1    39.7 262.3  3.30   0.3  19.0     9      SE

Max >=  80.0: 23
Max <=  25.2:  0
Min <=  32.0:  0
Min <=   0.0:  0
Max Rain: 1.25 on day 26
Days of Rain: 11 (>= 0.01 in)  6 (>= 0.10 in)  2 (>= 1.00 in)
Heat Base: 65.0  Cool Base: 65.0  Method: Integration