NOAA-Style Climate Reports


Report for 2024 May
                   Monthly Climatological Summary for May 2024

Name: NapervilleWather.com   City: Naperville   State: IL
Elevation: 781 ft  Lat: N 41° 47' 23"   Lon: W 088° 07' 27"

                  Temperature (°F), Rain (in), Wind Speed (mph)

                                      Heat  Cool        Avg
    Mean                              Deg   Deg         Wind                 Dom
Day Temp  High   Time   Low    Time   Days  Days  Rain  Speed High   Time    Dir
----------------------------------------------------------------------------------
 1  68.2  76.3   14:52  56.6   23:31   0.8   4.0  0.00   1.0  12.0   11:29     S
 2  63.6  77.1   13:01  53.4   05:55   3.7   2.3  0.73   0.4  12.0   21:53   ESE
 3  62.6  74.2   15:58  50.5   23:57   4.1   1.7  0.05   0.3   8.0   08:02     S
 4  57.6  81.5   15:04  48.3   05:44   5.5   1.2  0.04   0.5  12.0   18:34     E
 5  58.6  70.6   15:42  48.5   23:58   6.0   0.5  0.00   0.6   9.0   00:01    NW
 6  60.7  75.6   15:22  46.7   02:20   6.5   2.2  0.00   0.3  10.0   12:43   ESE
 7  65.2  74.4   16:31  57.3   22:53   2.5   2.7  0.58   0.8  10.0   20:34     E
 8  62.1  80.5   14:07  50.0   05:55   7.0   4.2  0.00   0.2   7.0   00:36    NE
 9  56.2  63.6   00:00  49.5   22:22   8.8   0.0  0.65   0.1   6.0   10:16    SW
10  56.9  68.4   16:13  44.7   05:32   8.5   0.4  0.00   0.3   8.0   16:52   WSW
11  59.4  71.3   15:53  48.4   04:46   6.5   1.0  0.04   1.0  17.0   11:05   WNW
12  69.5  84.5   16:26  46.8   05:08   3.0   6.8  0.00   0.3  10.0   13:31    SE
13  66.5  80.8   12:58  57.6   05:57   1.5   2.9  0.22   0.2   8.0   17:21   ESE
14  57.9  64.5   14:43  52.0   08:42   7.1   0.0  0.04   0.2   8.0   17:16     W
15  60.6  73.3   14:48  52.3   04:27   5.9   1.6  0.00   0.2   9.0   06:52    SW
16  60.3  72.9   15:02  49.4   05:55   7.0   2.3  0.00   0.2   6.0   19:33     E
17  69.1  83.6   16:09  58.5   05:55   1.8   6.0  0.00   0.1   7.0   17:10    NW
18  72.5  86.8   15:43  58.0   04:43   1.7   9.2  0.00   0.3   5.0   11:53   ESE
19  71.8  82.0   16:03  61.7   23:54   0.2   7.0  0.00   0.2   8.0   11:58   ESE
20  72.4  85.2   14:38  60.7   02:01   1.0   8.4  0.00   0.6  10.0   15:00   SSE
21  76.8  89.3   16:15  61.8   05:52   0.4  12.2  0.00   1.1  12.0   16:15    SE
22  70.4  79.4   00:00  59.5   23:59   0.7   6.1  0.00   1.3  13.0   05:56     S
23  67.0  82.5   16:14  51.7   05:55   3.9   5.9  0.00   0.1   5.0   10:22   ENE
24  67.8  75.5   11:19  60.3   05:55   0.4   3.2  0.12   0.4  20.0   12:00     E
25  65.8  79.9   15:27  53.9   06:10   2.5   3.3  0.00   0.2  10.0   03:25     N
----------------------------------------------------------------------------------
    64.8  89.3    21    44.7    10    97.0  95.1  2.47   0.4  20.0    24      SE

Max >=  80.0: 10
Max <=  25.2:  0
Min <=  32.0:  0
Min <=   0.0:  0
Max Rain: 0.73 on day 2
Days of Rain: 9 (>= 0.01 in)  5 (>= 0.10 in)  0 (>= 1.00 in)
Heat Base: 65.0  Cool Base: 65.0  Method: Integration