NOAA-Style Climate Reports

Select a Year or Month report
2021: Jan Feb Mar Apr May Jun Jul Aug Sep Oct Nov Dec
2020: Jan Feb Mar Apr May Jun Jul Aug Sep Oct Nov Dec
2019: Jan Feb Mar Apr May Jun Jul Aug Sep Oct Nov Dec
2018: Jan Feb Mar Apr May Jun Jul Aug Sep Oct Nov Dec
2017: Jan Feb Mar Apr May Jun Jul Aug Sep Oct Nov Dec

Report for 2021 November
                   Monthly Climatological Summary for Nov 2021

Name: NapervilleWather.com   City: Naperville   State: IL
Elevation: 781 ft  Lat: N 41° 47' 23"   Lon: W 088° 07' 27"

                  Temperature (°F), Rain (in), Wind Speed (mph)

                                      Heat  Cool        Avg
    Mean                              Deg   Deg         Wind                 Dom
Day Temp  High   Time   Low    Time   Days  Days  Rain  Speed High   Time    Dir
----------------------------------------------------------------------------------
 1  39.5  47.4   14:52  32.3   07:23  25.5   0.0  0.00   0.4  12.0   03:27     W
 2  32.9  38.2   00:00  30.3   04:44   7.9   0.0  0.00   0.0  12.0   03:25   ---
 3  36.7  43.3   15:08   0.0   14:37  11.0   0.0  0.00   0.2   6.0   00:53   WNW
 4  35.7  49.6   13:45  25.7   03:44  29.2   0.0  0.00   0.1   6.0   00:53   ESE
 5  38.9  53.9   14:10  28.3   07:41  26.1   0.0  0.00   0.2   6.0   22:11   ESE
 6  45.3  60.5   14:27  32.5   04:20  19.7   0.0  0.00   0.3   6.0   00:28    SE
 7  50.9  64.5   14:24  38.6   05:44  14.7   0.0  0.00   0.2   8.0   01:56    SE
 8  53.4  66.8   13:25  45.0   06:53  11.6   0.0  0.00   0.2   8.0   01:56    SE
 9  51.1  58.5   13:34  41.6   23:20  13.8   0.0  0.00   0.2   6.0   01:54     W
10  49.8  57.0   12:32  39.5   05:16  15.2   0.0  0.00   0.7  10.0   21:10     E
11  48.5  54.4   00:45  39.0   23:52  16.4   0.0  0.00   1.0  12.0   22:39   SSE
12  37.0  40.4   02:35  34.0   17:55  27.9   0.0  0.00   1.1  12.0   10:09     S
13  36.0  37.8   11:48  32.5   22:54  29.0   0.0  0.00   1.2  11.0   04:02   WSW
14  34.5  36.3   08:43  30.6   21:59  30.4   0.0  0.00   2.5  21.0   01:55     W
15  31.9  33.8   20:44  27.9   05:18  33.1   0.0  0.00   0.3  21.0   01:55     W
16  41.2  55.4   23:58  29.3   06:28  23.7   0.0  0.00   1.2  13.0   05:11     E
17  51.5  59.6   09:25  39.3   23:56  13.5   0.0  0.01   1.5  14.0   09:14   WSW
18  32.7  39.3   00:00  30.7   07:16  32.2   0.0  0.00   2.4  17.0   21:33   WSW
19  32.6  39.8   13:52  22.4   07:17  32.4   0.0  0.00   0.7  16.0   00:01   ESE
20  40.3  50.1   14:59  34.3   00:24  24.6   0.0  0.00   0.7   9.0   19:44    SE
21  40.4  54.5   13:20  28.9   23:58  24.5   0.0  0.01   2.0  24.0   02:52     W
22  27.9  35.8   13:19  21.1   07:15  37.0   0.0  0.00   1.5  24.0   02:52     W
23  30.4  42.5   14:11  19.0   06:10  28.5   0.0  0.00   1.1  12.0   00:42   ESE
24  44.8  53.0   15:22  34.7   04:21  18.6   0.0  0.01   1.5  13.0   22:30    SE
25  36.4  46.4   00:29  21.7   23:56  28.6   0.0  0.00   2.8  18.0   03:45     W
26  23.7  29.1   23:54  16.8   06:03  41.3   0.0  0.00   0.6  18.0   03:45     W
27  34.3  41.6   15:23  29.1   00:00  30.6   0.0  0.00   1.2  13.0   21:49   WSW
28  31.1  39.2   14:20  23.6   23:57  33.8   0.0  0.00   1.7  22.0   22:39     W
29  32.4  40.1   12:17  22.4   01:05  32.5   0.0  0.00   0.5  13.0   00:06   ESE
30  39.8  52.8   14:50  31.1   23:37  25.2   0.0  0.00   1.0  13.0   00:53     W
----------------------------------------------------------------------------------
    38.7  66.8     8     0.0     3   738.5   0.0  0.03   1.0  24.0    21     WSW

Max >=  80.0:  0
Max <=  25.2:  0
Min <=  32.0: 18
Min <=   0.0:  1
Max Rain: 0.01 on day 17
Days of Rain: 3 (>= 0.01 in)  0 (>= 0.10 in)  0 (>= 1.00 in)
Heat Base: 65.0  Cool Base: 65.0  Method: Integration