NOAA-Style Climate Reports

Select a Year or Month report
2022: Jan Feb Mar Apr May Jun Jul Aug Sep Oct Nov Dec
2021: Jan Feb Mar Apr May Jun Jul Aug Sep Oct Nov Dec
2020: Jan Feb Mar Apr May Jun Jul Aug Sep Oct Nov Dec
2019: Jan Feb Mar Apr May Jun Jul Aug Sep Oct Nov Dec
2018: Jan Feb Mar Apr May Jun Jul Aug Sep Oct Nov Dec
2017: Jan Feb Mar Apr May Jun Jul Aug Sep Oct Nov Dec

Report for 2022 February
                   Monthly Climatological Summary for Feb 2022

Name: NapervilleWather.com   City: Naperville   State: IL
Elevation: 781 ft  Lat: N 41° 47' 23"   Lon: W 088° 07' 27"

                  Temperature (°F), Rain (in), Wind Speed (mph)

                                      Heat  Cool        Avg
    Mean                              Deg   Deg         Wind                 Dom
Day Temp  High   Time   Low    Time   Days  Days  Rain  Speed High   Time    Dir
----------------------------------------------------------------------------------
 1  36.3  46.4   11:41  28.5   23:59  28.5   0.0  0.11   1.1  12.0   19:20    SE
 2  19.4  28.5   00:00  15.0   23:43  45.5   0.0  0.00   1.2  13.0   18:14    NW
 3  17.6  20.6   16:20  14.9   00:00  47.1   0.0  0.00   1.0  14.0   01:44   NNW
 4  15.9  26.0   13:56   8.8   23:57  48.9   0.0  0.01   1.2  18.0   20:28   WSW
 5  10.9  19.5   15:35   1.8   07:00  54.0   0.0  0.00   1.3  18.0   05:29   ESE
 6  24.2  34.0   14:03  15.7   01:13  40.7   0.0  0.00   1.3  13.0   08:37    SE
 7  20.7  28.5   00:00  14.6   21:38  44.2   0.0  0.00   1.2  13.0   20:52     W
 8  27.2  36.6   21:30  16.2   07:17  37.8   0.0  0.02   0.9  10.0   23:16   ESE
 9  34.5  41.4   12:15  28.6   05:30  30.1   0.0  0.00   1.0  16.0   20:30    SW
10  29.0  33.4   00:00  26.0   17:47  35.9   0.0  0.00   1.8  16.0   05:31    SW
11  34.9  44.2   13:46  27.1   23:59  30.0   0.0  0.06   2.5  19.0   18:50    SW
12  16.7  27.1   00:00  12.2   07:15  48.2   0.0  0.00   1.9  19.0   03:51     W
13  13.2  18.0   14:11  11.2   20:15  51.5   0.0  0.00   1.1  12.0   13:10     W
14  19.2  26.2   15:22  12.3   01:11  45.5   0.0  0.00   0.4  10.0   02:38    SE
15  30.4  43.0   23:59  19.5   04:01  34.3   0.0  0.00   1.9  16.0   04:54     E
16  46.9  51.7   19:13  41.5   23:59  18.0   0.0  0.44   2.6  16.0   04:54    SE
17  25.7  41.5   00:00  12.3   23:56  39.3   0.0  0.00   1.9  15.0   22:47   WNW
18  17.3  30.0   21:59   3.8   06:44  47.5   0.0  0.00   2.3  21.0   23:59   SSE
19  15.1  24.1   00:00   8.5   07:02  49.8   0.0  0.00   3.1  26.0   00:17     W
20  34.6  46.8   14:29  15.6   00:00  30.4   0.0  0.02   2.3  19.0   19:56    SE
21  42.0  54.3   14:45  31.8   03:41  23.0   0.0  0.01   0.5  13.0   00:36     E
22  34.7  50.9   00:00  22.4   23:54  30.3   0.0  0.27   1.6  19.0   02:11     W
23  19.8  24.0   13:06  14.0   07:19  45.2   0.0  0.00   1.6  19.0   02:11     W
24  24.1  26.8   12:07  20.4   00:00  40.9   0.0  0.01   0.3   8.0   09:51     S
25  23.1  30.0   11:49  17.1   23:07  41.9   0.0  0.01   0.5   9.0   14:17     W
26  22.6  32.5   15:23  11.2   06:47  42.3   0.0  0.00   0.9  10.0   01:37     S
27  31.8  42.4   14:52  24.7   06:50  33.2   0.0  0.00   0.9  10.0   01:37   WSW
28  38.7  54.1   15:03  23.8   03:40  26.2   0.0  0.00   0.9  10.0   11:40   SSE
----------------------------------------------------------------------------------
    25.9  54.3    21     1.8     5  1090.2   0.0  0.96   1.3  26.0    19      SW

Max >=  80.0:  0
Max <=  25.2:  5
Min <=  32.0: 27
Min <=   0.0:  0
Max Rain: 0.44 on day 16
Days of Rain: 10 (>= 0.01 in)  3 (>= 0.10 in)  0 (>= 1.00 in)
Heat Base: 65.0  Cool Base: 65.0  Method: Integration