NOAA-Style Climate Reports

Select a Year or Month report
2022: Jan Feb Mar Apr May Jun Jul Aug Sep Oct Nov Dec
2021: Jan Feb Mar Apr May Jun Jul Aug Sep Oct Nov Dec
2020: Jan Feb Mar Apr May Jun Jul Aug Sep Oct Nov Dec
2019: Jan Feb Mar Apr May Jun Jul Aug Sep Oct Nov Dec
2018: Jan Feb Mar Apr May Jun Jul Aug Sep Oct Nov Dec
2017: Jan Feb Mar Apr May Jun Jul Aug Sep Oct Nov Dec

Report for 2022 July
                   Monthly Climatological Summary for Jul 2022

Name: NapervilleWather.com   City: Naperville   State: IL
Elevation: 781 ft  Lat: N 41° 47' 23"   Lon: W 088° 07' 27"

                  Temperature (°F), Rain (in), Wind Speed (mph)

                                      Heat  Cool        Avg
    Mean                              Deg   Deg         Wind                 Dom
Day Temp  High   Time   Low    Time   Days  Days  Rain  Speed High   Time    Dir
----------------------------------------------------------------------------------
 1  73.5  80.3   10:49  65.5   23:59   0.0   8.5  0.00   0.0   7.0   00:17    NE
 2  73.7  88.2   15:21  59.3   05:34   1.0   9.6  0.00   0.1   7.0   21:07   NNW
 3  76.2  88.5   14:27  63.0   06:06   0.1  11.2  0.00   0.1   5.0   14:47     N
 4  73.9  83.5   12:23  64.5   06:02   0.0   8.9  0.18   0.1   4.0   20:15    SE
 5  81.3  98.5   15:49  68.3   01:20   0.0  16.2  0.20   0.4  12.0   00:38    NW
 6  73.4  83.1   15:38  68.2   23:59   0.0   8.4  0.33   0.2  11.0   03:30    SE
 7  76.3  86.3   15:44  66.5   02:51   0.0  11.3  0.00   0.1   5.0   21:27     E
 8  73.3  77.5   09:53  66.8   23:54   0.0   8.3  0.02   0.1   6.0   23:26   SSE
 9  71.9  81.7   16:03  63.4   23:59   0.0   7.0  0.00   0.4   7.0   17:22     S
10  73.5  87.1   15:29  59.2   05:12   1.2   9.8  0.00   0.1   6.0   16:46     E
11  75.4  84.5   15:16  67.3   05:48   0.0  10.4  0.00   0.4   9.0   16:18   ESE
12  75.4  86.2   15:30  66.1   06:13   0.0  10.4  0.00   1.1  12.0   18:19    NW
13  73.4  85.8   16:13  64.8   03:55   0.0   8.4  0.00   0.4   9.0   16:22   WNW
14  71.4  85.0   16:24  58.2   05:25   1.2   7.7  0.00   0.2   6.0   14:52   WNW
15  66.7  69.8   15:03  64.5   01:45   0.0   1.8  0.88   0.0   3.0   14:15   ESE
16  70.4  76.9   15:24  66.6   06:53   0.0   5.3  0.01   0.0   5.0   12:55   SSW
17  72.5  78.1   17:16  68.0   00:00   0.0   7.5  0.00   0.0   4.0   01:04   WNW
18  77.7  90.2   14:58  67.2   06:12   0.0  12.7  0.00   0.3  10.0   17:23    NW
19  78.2  89.4   15:45  66.4   05:51   0.0  13.2  0.00   0.3   6.0   16:46    SE
20  79.7  85.7   14:23  73.8   06:17   0.0  14.6  0.00   0.9  16.0   17:15   NNW
21  79.7  92.3   15:51  65.8   04:44   0.0  14.5  0.00   0.4  12.0   00:15   ESE
22  78.0  90.1   15:50  65.4   05:20   0.0  12.9  0.00   0.2   8.0   00:12    SE
23  74.5  83.7   16:17  67.7   10:45   0.0   9.5  0.94   0.3   8.0   11:09    SE
24  76.9  85.3   15:46  70.0   23:33   0.0  11.8  0.86   0.3   9.0   15:58    NW
25  73.3  80.2   15:47  64.6   23:57   0.0   7.4  0.00   0.1   8.0   00:30    NW
26  70.9  81.5   15:23  59.7   05:53   1.3   7.2  0.00   0.0   4.0   00:21   ---
27  73.2  82.9   14:08  66.8   03:06   0.0   8.2  0.09   0.3  11.0   18:26    NW
28  71.8  80.5   16:10  64.3   04:10   0.0   6.9  0.00   0.6  10.0   21:48    NW
29  70.0  81.4   15:27  58.0   05:41   1.3   6.2  0.00   0.5   9.0   14:38    NW
30  71.4  84.7   16:03  58.5   06:11   1.3   7.7  0.00   0.0   6.0   00:05    NE
31  73.7  85.3   15:23  61.2   05:51   0.5   9.2  0.00   0.2   6.0   20:42    SE
----------------------------------------------------------------------------------
    74.2  98.5     5    58.0    29     7.9 292.7  3.51   0.3  16.0    20      NW

Max >=  80.0: 27
Max <=  25.2:  0
Min <=  32.0:  0
Min <=   0.0:  0
Max Rain: 0.94 on day 23
Days of Rain: 9 (>= 0.01 in)  6 (>= 0.10 in)  0 (>= 1.00 in)
Heat Base: 65.0  Cool Base: 65.0  Method: Integration