NOAA-Style Climate Reports

Select a Year or Month report
2022: Jan Feb Mar Apr May Jun Jul Aug Sep Oct Nov Dec
2021: Jan Feb Mar Apr May Jun Jul Aug Sep Oct Nov Dec
2020: Jan Feb Mar Apr May Jun Jul Aug Sep Oct Nov Dec
2019: Jan Feb Mar Apr May Jun Jul Aug Sep Oct Nov Dec
2018: Jan Feb Mar Apr May Jun Jul Aug Sep Oct Nov Dec
2017: Jan Feb Mar Apr May Jun Jul Aug Sep Oct Nov Dec

Report for 2022 January
                   Monthly Climatological Summary for Jan 2022

Name: NapervilleWather.com   City: Naperville   State: IL
Elevation: 781 ft  Lat: N 41° 47' 23"   Lon: W 088° 07' 27"

                  Temperature (°F), Rain (in), Wind Speed (mph)

                                      Heat  Cool        Avg
    Mean                              Deg   Deg         Wind                 Dom
Day Temp  High   Time   Low    Time   Days  Days  Rain  Speed High   Time    Dir
----------------------------------------------------------------------------------
 1  29.6  38.0   00:00  23.3   23:57  35.4   0.0  0.00   0.8  11.0   03:10   NNW
 2  19.2  27.8   14:23  10.4   23:56  45.7   0.0  0.01   1.0  11.0   03:10   WNW
 3  13.5  20.9   15:08   4.6   07:18  51.3   0.0  0.00   0.3   7.0   03:40   SSE
 4  27.0  32.9   21:50  18.8   04:31  37.9   0.0  0.00   1.5  12.0   23:09   ESE
 5  16.1  31.5   00:00   9.3   23:59  48.9   0.0  0.00   3.1  29.0   05:55    SW
 6   7.4  13.8   14:15   0.6   23:53  57.5   0.0  0.00   1.4  22.0   00:42     W
 7   5.0  12.6   13:48  -3.5   07:13  60.0   0.0  0.00   0.6  13.0   02:25   WSW
 8  22.3  32.6   22:33  11.9   00:02  42.6   0.0  0.00   1.1  12.0   19:05   ESE
 9  20.6  32.9   00:43   8.5   22:53  44.3   0.0  0.00   2.3  19.0   18:34     W
14  11.8  13.7   05:51   9.3   00:00  13.2   0.0  0.00  ----  13.0   02:11     W
15  20.3  25.2   13:25   0.0   05:57  33.6   0.0  0.00   0.6   7.0   04:22   SSE
16  18.3  26.7   13:18   7.9   07:37  46.6   0.0  0.01   0.4   8.0   19:30     W
17  24.3  27.3   19:22  20.3   23:57  40.7   0.0  0.00   2.0  13.0   10:39     W
18  31.3  43.7   15:14  17.6   02:40  33.7   0.0  0.03   1.2  13.0   15:14    SE
19  21.0  38.7   00:10   9.0   23:57  43.9   0.0  0.00   3.1  19.0   08:05     W
20  10.8  19.2   13:32   5.0   07:28  53.9   0.0  0.00   1.0  13.0   00:03   WNW
21  14.9  24.9   13:49   4.7   06:07  50.0   0.0  0.00   0.3   8.0   21:41    SE
22  22.5  32.5   14:50  16.8   02:28  42.4   0.0  0.00   1.6  12.0   22:41   SSW
23  15.2  20.2   01:38   6.8   19:55  49.7   0.0  0.01   1.0  13.0   15:47   WNW
24  17.1  25.7   11:00   9.3   23:51  47.8   0.0  0.00   1.3  13.0   14:58     W
25   5.0  12.1   13:46  -2.4   23:56  59.9   0.0  0.00   1.7  13.0   11:35     W
26   1.2  10.1   13:48 -10.2   06:49  63.7   0.0  0.00   0.5  10.0   05:52     S
27  24.5  31.5   15:28   9.0   00:00  40.4   0.0  0.02   0.9  10.0   01:19     S
----------------------------------------------------------------------------------
    17.3  43.7    18   -10.2    26  1043.1   0.0  0.08   1.3  29.0     5     WSW

Max >=  80.0:  0
Max <=  25.2: 10
Min <=  32.0: 23
Min <=   0.0:  4
Max Rain: 0.03 on day 18
Days of Rain: 5 (>= 0.01 in)  0 (>= 0.10 in)  0 (>= 1.00 in)
Heat Base: 65.0  Cool Base: 65.0  Method: Integration