NOAA-Style Climate Reports

Select a Year or Month report
2022: Jan Feb Mar Apr May Jun Jul Aug Sep Oct Nov Dec
2021: Jan Feb Mar Apr May Jun Jul Aug Sep Oct Nov Dec
2020: Jan Feb Mar Apr May Jun Jul Aug Sep Oct Nov Dec
2019: Jan Feb Mar Apr May Jun Jul Aug Sep Oct Nov Dec
2018: Jan Feb Mar Apr May Jun Jul Aug Sep Oct Nov Dec
2017: Jan Feb Mar Apr May Jun Jul Aug Sep Oct Nov Dec

Report for 2022 May
                   Monthly Climatological Summary for May 2022

Name: NapervilleWather.com   City: Naperville   State: IL
Elevation: 781 ft  Lat: N 41° 47' 23"   Lon: W 088° 07' 27"

                  Temperature (°F), Rain (in), Wind Speed (mph)

                                      Heat  Cool        Avg
    Mean                              Deg   Deg         Wind                 Dom
Day Temp  High   Time   Low    Time   Days  Days  Rain  Speed High   Time    Dir
----------------------------------------------------------------------------------
 1  50.4  54.5   00:20  48.2   16:19  14.6   0.0  0.00   1.3  10.0   01:54   SSW
 2  49.3  53.5   16:29  46.3   06:19  15.7   0.0  0.00   0.7  11.0   00:37   WSW
 3  45.9  48.3   02:31  42.4   22:53  19.1   0.0  1.07   0.9  13.0   20:42   WNW
 4  48.5  61.1   16:51  38.1   05:37  16.5   0.0  0.00   0.2  13.0   03:26   SSW
 5  48.6  54.7   11:08  41.7   04:02  16.4   0.0  0.31   0.0   3.0   05:10   WNW
 6  48.8  51.3   19:03  46.8   00:56  16.1   0.0  0.15   0.8   8.0   18:12     S
 7  55.7  68.2   15:33  44.4   06:17   9.8   0.5  0.00   0.5   7.0   10:49   SSE
 8  56.9  66.7   15:35  42.5   03:59   8.1   0.1  0.00   1.7  15.0   15:38     E
 9  69.1  83.0   16:13  55.3   05:13   2.6   6.7  0.00   2.7  21.0   22:23   ESE
10  78.1  90.7   17:03  66.8   05:58   0.0  13.1  0.00   1.0  11.0   00:51   ESE
11  82.2  93.6   14:05  72.2   06:35   0.0  17.1  0.00   0.4   9.0   16:08     E
12  81.8  93.5   15:22  71.8   06:10   0.0  16.8  0.00   0.8  10.0   15:44   ESE
13  78.3  92.5   16:45  65.5   06:13   0.0  13.3  0.00   0.5   9.0   15:18   ESE
14  75.2  89.6   16:21  63.6   04:29   0.1  10.3  0.00   0.2  10.0   22:30   WNW
15  65.9  76.3   11:41  56.2   23:49   1.6   2.4  0.03   0.2   9.0   16:30    NW
16  65.2  78.3   15:45  50.6   05:46   4.4   4.6  0.00   1.1  15.0   15:46   WNW
17  59.7  71.9   13:50  50.8   06:00   6.1   0.9  0.00   0.3  13.0   00:12     E
18  56.6  61.9   17:36  51.0   06:56   8.4   0.0  0.22   0.2   7.0   20:51   NNE
19  68.9  85.7   15:19  50.9   02:43   4.1   8.0  0.00   0.5   7.0   03:35    SE
20  71.5  84.4   16:58  59.3   23:54   0.5   6.9  0.57   1.0  10.0   00:34   SSE
21  55.7  59.3   00:00  52.8   14:29   9.2   0.0  0.37   0.1  11.0   17:57    NW
22  55.8  62.5   13:53  47.7   06:05   9.2   0.0  0.00   0.8  13.0   12:24    NW
23  53.9  64.5   14:27  43.8   04:14  11.0   0.0  0.00   0.4   8.0   18:56   ESE
24  57.5  68.8   13:29  47.9   01:38   7.9   0.4  0.00   0.5   9.0   18:46   ESE
25  64.0  76.0   16:27  54.6   06:39   3.6   2.6  0.44   0.2   7.0   21:08     E
26  68.6  76.6   16:13  61.8   23:22   0.2   3.8  0.49   0.1   6.0   22:09   ESE
27  57.1  61.8   00:00  50.2   23:46   7.8   0.0  0.10   0.2   9.0   20:05   NNW
28  62.7  75.3   15:55  48.9   05:51   5.3   3.0  0.00   0.2   7.0   17:54   ESE
29  72.0  83.8   15:00  59.9   05:43   1.1   8.1  0.00   0.9  12.0   00:34    SE
30  78.1  88.7   15:25  67.4   05:41   0.0  13.0  0.00   1.2  12.0   00:34    SE
31  79.2  84.1   16:18  75.6   23:45   0.0  11.7  0.03   0.8  10.0   15:45    SE
----------------------------------------------------------------------------------
    63.3  93.6    11    38.1     4   199.4 143.3  3.78   0.7  21.0     9      SE

Max >=  80.0: 11
Max <=  25.2:  0
Min <=  32.0:  0
Min <=   0.0:  0
Max Rain: 1.07 on day 3
Days of Rain: 11 (>= 0.01 in)  9 (>= 0.10 in)  1 (>= 1.00 in)
Heat Base: 65.0  Cool Base: 65.0  Method: Integration