NOAA-Style Climate Reports

Select a Year or Month report
2022: Jan Feb Mar Apr May Jun Jul Aug Sep Oct Nov Dec
2021: Jan Feb Mar Apr May Jun Jul Aug Sep Oct Nov Dec
2020: Jan Feb Mar Apr May Jun Jul Aug Sep Oct Nov Dec
2019: Jan Feb Mar Apr May Jun Jul Aug Sep Oct Nov Dec
2018: Jan Feb Mar Apr May Jun Jul Aug Sep Oct Nov Dec
2017: Jan Feb Mar Apr May Jun Jul Aug Sep Oct Nov Dec

Report for 2022 June
                   Monthly Climatological Summary for Jun 2022

Name: NapervilleWather.com   City: Naperville   State: IL
Elevation: 781 ft  Lat: N 41° 47' 23"   Lon: W 088° 07' 27"

                  Temperature (°F), Rain (in), Wind Speed (mph)

                                      Heat  Cool        Avg
    Mean                              Deg   Deg         Wind                 Dom
Day Temp  High   Time   Low    Time   Days  Days  Rain  Speed High   Time    Dir
----------------------------------------------------------------------------------
 1  68.0  75.7   00:00  57.1   23:29   1.0   4.0  0.65   0.2   9.0   01:09    NW
 2  66.1  77.8   15:37  55.1   05:58   3.1   4.2  0.02   0.6  12.0   23:05   WNW
 3  67.4  81.6   15:13  53.0   04:06   3.7   6.1  0.00   0.7  14.0   17:09    NW
 4  61.3  69.2   11:58  52.4   04:24   4.1   0.4  0.00   0.1  12.0   00:10     E
 5  69.0  83.2   14:22  58.7   01:58   1.8   5.9  0.00   0.2   5.0   21:59     E
 6  65.7  73.1   16:15  57.5   23:58   1.0   1.7  0.25   0.1   5.0   02:06   NNW
 7  62.7  74.6   15:52  55.8   05:21   4.2   2.0  0.06   0.1   6.0   07:12     E
 8  59.4  68.1   09:32  55.1   23:28   5.7   0.2  0.42   0.3   8.0   03:24     N
 9  63.9  78.3   15:56  49.1   05:33   5.1   4.0  0.00   0.3  11.0   12:54    NW
10  63.5  77.2   11:52  52.9   04:50   4.2   2.7  0.02   0.1   5.0   00:16   ENE
11  65.3  72.7   14:27  57.7   00:58   2.2   2.5  0.02   0.0   4.0   00:12   ENE
12  64.3  66.7   00:00  58.0   23:50   0.7   0.4  0.00   0.0   4.0   02:02   ---
13  75.6  89.8   16:36  57.2   01:39   2.0  12.5  0.00   0.4   7.0   22:06     E
14  85.3  98.4   16:16  71.1   05:36   0.0  20.1  0.00   0.3   6.0   11:13    SE
15  86.3  95.9   15:53  76.9   06:26   0.0  21.3  0.00   0.6  10.0   20:36    SE
16  82.5  95.1   15:49  70.8   05:57   0.0  17.4  0.05   0.8  15.0   21:30   ESE
17  75.9  86.4   15:25  64.2   05:31   0.0  10.8  0.00   0.7  13.0   16:30    NW
18  66.6  78.0   16:06  55.6   23:59   2.1   3.7  0.00   0.3   8.0   00:19     S
19  68.8  85.5   15:57  49.7   04:06   4.2   8.0  0.00   0.1   5.0   17:21   ESE
20  78.4  95.0   15:35  60.8   06:10   0.5  13.7  0.00   0.3   6.0   09:40   ESE
21  83.6  98.5   15:53  67.2   03:34   0.0  18.5  0.00   0.5   8.0   18:25    SE
22  81.3  89.7   15:43  74.5   23:58   0.0  16.3  0.00   0.6  11.0   15:02    NW
23  76.7  89.2   15:00  64.9   05:57   0.0  11.0  0.00   0.2   7.0   00:35     E
24  78.7  93.2   15:51  59.8   05:51   0.5  12.7  0.00   0.0   3.0   00:03     E
25  69.6  75.6   18:44  64.6   13:32   0.0   4.6  0.42   0.2   7.0   19:56    SE
26  72.7  79.9   15:32  63.4   23:59   0.0   7.7  0.00   1.2  16.0   15:54    NW
27  68.1  80.1   16:01  57.2   03:40   2.1   5.2  0.00   0.6  11.0   14:12    NW
28  70.9  84.7   14:12  54.4   05:36   2.7   8.6  0.00   0.1   7.0   17:24   ESE
29  76.9  90.4   15:27  64.3   05:36   0.0  11.9  0.01   0.1   6.0   15:37     N
30  79.7  91.3   15:37  68.2   05:59   0.0  14.6  0.00   0.5   7.0   11:29    SE
----------------------------------------------------------------------------------
    71.8  98.5    21    49.1     9    50.9 252.7  1.92   0.3  16.0    26       N

Max >=  80.0: 17
Max <=  25.2:  0
Min <=  32.0:  0
Min <=   0.0:  0
Max Rain: 0.65 on day 1
Days of Rain: 10 (>= 0.01 in)  4 (>= 0.10 in)  0 (>= 1.00 in)
Heat Base: 65.0  Cool Base: 65.0  Method: Integration