NOAA-Style Climate Reports

Select a Year or Month report
2022: Jan Feb Mar Apr May Jun Jul Aug Sep Oct Nov Dec
2021: Jan Feb Mar Apr May Jun Jul Aug Sep Oct Nov Dec
2020: Jan Feb Mar Apr May Jun Jul Aug Sep Oct Nov Dec
2019: Jan Feb Mar Apr May Jun Jul Aug Sep Oct Nov Dec
2018: Jan Feb Mar Apr May Jun Jul Aug Sep Oct Nov Dec
2017: Jan Feb Mar Apr May Jun Jul Aug Sep Oct Nov Dec

Report for 2022 August
                   Monthly Climatological Summary for Aug 2022

Name: NapervilleWather.com   City: Naperville   State: IL
Elevation: 781 ft  Lat: N 41° 47' 23"   Lon: W 088° 07' 27"

                  Temperature (°F), Rain (in), Wind Speed (mph)

                                      Heat  Cool        Avg
    Mean                              Deg   Deg         Wind                 Dom
Day Temp  High   Time   Low    Time   Days  Days  Rain  Speed High   Time    Dir
----------------------------------------------------------------------------------
 1  77.1  86.4   16:12  69.8   23:59   0.0  12.1  0.01   0.7  12.0   15:04    NW
 2  76.2  89.5   15:28  63.7   06:10   0.1  11.3  0.00   0.2   8.0   00:01    SE
 3  79.0  89.2   13:00  72.6   03:18   0.0  14.0  0.03   0.5  12.0   14:43    SE
 4  75.8  86.4   14:06  71.2   23:54   0.0  10.8  0.00   0.0   5.0   17:14   SSE
 5  77.2  88.8   14:35  68.8   03:54   0.0  12.2  0.01   0.0   5.0   19:53   ESE
 6  81.3  95.5   15:46  69.4   06:17   0.0  16.2  0.00   0.1   5.0   18:02    SE
 7  75.9  80.5   00:00  73.1   10:03   0.0  10.9  0.36   0.0   4.0   05:27   WNW
 8  71.3  75.8   05:54  64.3   22:47   0.1   6.3  0.34   0.3   8.0   12:34   NNW
 9  69.1  81.6   16:15  60.2   06:19   1.0   5.0  0.00   0.1   4.0   00:46   ESE
10  70.9  86.1   15:43  56.0   06:17   2.4   8.3  0.00   0.3   8.0   14:28   WNW
11  72.5  82.2   16:36  63.1   23:55   0.1   7.5  0.00   0.4   9.0   11:08   SSE
12  68.2  76.9   15:05  59.0   03:35   1.6   4.8  0.00   0.0   5.0   00:26   ---
13  70.8  79.7   16:32  62.6   06:38   0.3   6.0  0.00   0.2   6.0   17:44    SE
14  69.8  76.2   11:03  65.9   22:38   0.0   4.8  0.00   0.1   5.0   21:04   WSW
15  70.6  80.3   14:25  65.1   23:58   0.0   5.6  0.00   0.1   5.0   02:31    SW
16  71.4  84.9   15:17  61.9   05:39   0.7   7.1  0.00   0.2   6.0   19:12   ESE
17  71.4  85.3   16:09  59.5   05:57   1.2   7.6  0.00   0.1   7.0   18:43    SE
18  70.5  85.6   15:59  57.0   06:45   1.9   7.4  0.00   0.1   5.0   10:33   NNE
19  73.2  84.6   13:45  62.0   06:30   0.5   8.7  0.00   0.3   7.0   10:22   SSE
20  67.4  73.4   00:15  63.6   03:19   0.2   2.7  0.96   0.1   6.0   06:41   ENE
21  69.9  81.5   16:25  62.8   03:49   0.3   5.2  0.01   0.0  10.0   20:30    NW
22  71.2  84.5   14:42  61.1   06:10   0.8   7.0  0.00   0.3   8.0   17:48    NW
23  71.2  86.8   14:58  59.6   06:07   1.4   7.6  0.00   0.1   8.0   00:41    NW
24  72.6  86.7   16:23  61.0   06:29   0.7   8.3  0.00   0.0   8.0   00:41     E
25  70.0  80.9   16:09  63.8   04:12   0.2   5.2  0.32   0.0   7.0   18:40    NW
26  71.2  83.2   17:14  61.5   23:58   0.1   6.3  0.01   0.0   7.0   00:10    NW
27  70.1  85.4   17:11  56.5   06:43   2.3   7.4  0.00   0.0   4.0   17:17     E
28  75.4  88.9   15:35  64.9   05:46   0.0  10.4  0.04   0.2   8.0   18:30    SE
29  74.3  81.9   11:25  67.8   14:21   0.0   9.3  0.20   0.2  18.0   12:16    NW
30  71.2  80.7   15:08  62.7   23:59   0.1   6.3  0.00   0.9  13.0   16:57    NW
31  70.9  85.9   17:15  56.9   05:29   2.2   8.1  0.00   0.4   9.0   00:09    NW
----------------------------------------------------------------------------------
    72.5  95.5     6    56.0    10    18.2 250.4  2.29   0.2  18.0    29      NW

Max >=  80.0: 26
Max <=  25.2:  0
Min <=  32.0:  0
Min <=   0.0:  0
Max Rain: 0.96 on day 20
Days of Rain: 11 (>= 0.01 in)  5 (>= 0.10 in)  0 (>= 1.00 in)
Heat Base: 65.0  Cool Base: 65.0  Method: Integration